{"id":63,"date":"2020-09-12T21:45:28","date_gmt":"2020-09-12T18:45:28","guid":{"rendered":"http:\/\/konservatuvarahazirlik.com\/?page_id=63"},"modified":"2025-06-04T21:58:55","modified_gmt":"2025-06-04T18:58:55","slug":"sinav-icerikleri","status":"publish","type":"page","link":"https:\/\/konservatuvarahazirlik.com\/?page_id=63","title":{"rendered":"S\u0131navlar Hakk\u0131nda"},"content":{"rendered":"\n<p class=\"has-primary-background-color has-text-color has-background\" style=\"color:#ffffff;font-size:20px\"><strong><span style=\"background-color:rgba(0, 0, 0, 0);color:#ff0004\" class=\"has-inline-color\">\u00c7ocuk Konservatuvar\u0131 S\u0131nav\u0131<\/span><\/strong><br>Bu b\u00f6l\u00fcm k\u00fc\u00e7\u00fck ya\u015ftaki \u00e7ocuklar\u0131n konservatuvara ilk ad\u0131m\u0131 gibi d\u00fc\u015f\u00fcn\u00fclebilir. S\u00fcreleri ve i\u00e7erikleri okullara g\u00f6re de\u011fi\u015fiklik g\u00f6stermektedir.<br><br><strong>1- Mimar Sinan G\u00fczel Sanatlar \u00dcniversitesi Devlet Konservatuvar\u0131:<\/strong><br>Bu b\u00f6l\u00fcmden sadece 2. s\u0131n\u0131fa ge\u00e7enler faydalanabilmektedirler ve sadece &#8220;Koro&#8221; b\u00f6l\u00fcm\u00fcn\u00fc kapsamaktad\u0131r.<br><br><strong>2- Maltepe \u00dcniversitesi Konservatuvar\u0131:<\/strong><br>Bu b\u00f6l\u00fcmden sadece 1. ve 2. s\u0131n\u0131fa ge\u00e7enler faydalanabilmektedirler.<br><br><strong>3- \u0130stanbul Teknik \u00dcniversitesi Devlet Konservatuvar\u0131:<\/strong><br>Bu b\u00f6l\u00fcm &#8220;Mini Konservatuvar&#8221; ad\u0131yla adland\u0131r\u0131lm\u0131\u015ft\u0131r. 1. ve 2. s\u0131n\u0131fa ge\u00e7enler faydalanabilmektedirler.<br><br><strong>4- Bah\u00e7ehir \u00dcniversitesi Devlet Konservatuvar\u0131:<\/strong><br>7-14 ya\u015f aral\u0131\u011f\u0131ndaki \u00e7ocuklar\u0131 kabul etmektedirler.<br><br><strong>Not:<\/strong> \u0130stanbul \u00dcniversitesi Devlet Konservatuvar\u0131nda &#8220;\u00c7ocuk Konservatuvar\u0131&#8221; b\u00f6l\u00fcm\u00fc yoktur l\u00e2kin 1. s\u0131n\u0131f itibariyle -do\u011fum y\u0131l\u0131 uymas\u0131 durumunda- \u00e7ocuklar\u0131 erken ya\u015fta &#8220;Yar\u0131 Zamanl\u0131 Konservatuvar&#8221;a kabul edebilmektedirler.<\/p>\n\n\n\n<p class=\"has-primary-background-color has-text-color has-background\" style=\"color:#ffffff;font-size:20px\"><strong><span style=\"background-color:rgba(0, 0, 0, 0);color:#ff0004\" class=\"has-inline-color\">Yar\u0131 Zamanl\u0131 Konservatuvar S\u0131nav\u0131<\/span><\/strong><br>Bu b\u00f6l\u00fcmde bireysel enstr\u00fcman ve solfej dersi verilmektedir. S\u00fcreleri ve i\u00e7erikleri okullara g\u00f6re de\u011fi\u015fiklik g\u00f6stermektedir.<br><br><strong>Yar\u0131 Zamanl\u0131 Konservatuvar E\u011fitimi Veren Okullar:<\/strong><br>1- Mimar Sinan G\u00fczel Sanatlar \u00dcniversitesi Devlet Konservatuvar\u0131<br>2- \u0130stanbul \u00dcniversitesi Devlet Konservatuvar\u0131<br>3- Maltepe \u00dcniversitesi Konservatuvar\u0131<br>4- Bah\u00e7e\u015fehir \u00dcniversitesi Konservatuvar\u0131<br><br><strong>Giri\u015f Ko\u015fullar\u0131:<\/strong><br>*Mimar Sinan G\u00fczel Sanatlar \u00dcniversitesi Devlet Konservatuvar\u0131 3. S\u0131n\u0131fa ge\u00e7mi\u015f (2&#8217;yi bitirmi\u015f) \u00e7ocuklardan, 12. S\u0131n\u0131fa kadar olan \u00e7ocuklar faydalanabilmektedirler.<br>*\u0130stanbul \u00dcniversitesi -do\u011fum y\u0131l\u0131n\u0131n uymas\u0131 ko\u015fuluyla- 1. s\u0131n\u0131ftan itibaren kabul etmektedir.<br>*Maltepe \u00dcniversitesi 2. s\u0131n\u0131ftan itibaren 9 sene boyunca bu e\u011fitimi vermektedir.<br>*Bah\u00e7e\u015fehir \u00dcniversitesi 7-14 ya\u015f aral\u0131\u011f\u0131ndaki \u00e7ocuklar\u0131 kabul etmektedir.<br><br><strong>Not:<\/strong> \u0130stanbul ilinde sadece \u0130T\u00dc Devlet Konservatuvar\u0131nda yar\u0131 zamanl\u0131 e\u011fitim bulunmamaktad\u0131r.<\/p>\n\n\n\n<p class=\"has-primary-background-color has-text-color has-background\" style=\"color:#ffffff;font-size:20px\"><strong><span style=\"background-color:rgba(0, 0, 0, 0);color:#ff0004\" class=\"has-inline-color\">Tam Zamanl\u0131 Konservatuvar S\u0131nav\u0131<\/span><\/strong><br>Tam Zamanl\u0131 Konservatuvar E\u011fitiminde \u00f6\u011frenci; ortaokul ve lise e\u011fitimini konservatuvar binas\u0131nda tamamlamaktad\u0131r.<br><br><strong>Giri\u015f Ko\u015fullar\u0131:<\/strong><br>*Mimar Sinan G\u00fczel Sanatlar \u00dcniversitesi Devlet Konservatuvar\u0131:<br>4. S\u0131n\u0131ftan 5. S\u0131n\u0131fa ge\u00e7erken girilebilir. \u00dc\u00e7 a\u015famadan olu\u015fmaktad\u0131r. 1. ve 3. A\u015fama Duyu\u015f Testidir, 2. A\u015fama ise T\u00fcrk\u00e7e ve Matematik sorular\u0131ndan olu\u015fan bir testi kapsamaktad\u0131r.<br>*\u0130stanbul \u00dcniversitesi Devlet Konservatuar\u0131:<br>4. S\u0131n\u0131ftan 5. S\u0131n\u0131fa ge\u00e7erken girilebilir. A\u015fa\u011f\u0131da belirtildi\u011fi gibi 2 a\u015famal\u0131d\u0131r.<br>*\u0130stanbul Teknik \u00dcniversitesi T\u00fcrk Musikisi Devlet Konservatuvar\u0131:<br>4. S\u0131n\u0131ftan 5. S\u0131n\u0131fa ge\u00e7erken girilebilir. Tek a\u015famal\u0131d\u0131r. T\u00fcrk M\u00fczi\u011fi a\u011f\u0131rl\u0131kl\u0131 e\u011fitim verilmektedir.<br><br><strong>1. A\u015fama (Duyu\u015f S\u0131nav\u0131):<\/strong> Aday s\u0131nav komisyonu taraf\u0131ndan piyano ile \u00e7al\u0131narak verilecek \u00a0tek, iki, \u00fc\u00e7 ve d\u00f6rt sesli akor, tek sesli ezgiyi sesle, ritimleri vuru\u015fla tekrar ederek duyu\u015f, haf\u0131za,\u00a0kavray\u0131\u015f, m\u00fczikal ve sanatsal yeteneklerine ili\u015fkin sorular\u0131 yan\u0131tlar.<br><strong><br>2. A\u015fama (\u00c7alg\u0131 Uyumluluk S\u0131nav\u0131):<\/strong> 1. A\u015fama Duyu\u015f s\u0131nav\u0131n\u0131 ge\u00e7en adaylar II. A\u015fama s\u0131nav\u0131na kat\u0131l\u0131rlar. S\u0131nav komisyonu duyu\u015f s\u0131nav\u0131n\u0131 ge\u00e7en adaylara fiziksel uygunluk ve sanat dal\u0131 kontenjanlar\u0131n\u0131 dikkate alarak en uygun \u00e7alg\u0131y\u0131 belirler. Aday, komisyonun duyu\u015f, koordinasyon, alg\u0131, genel k\u00fclt\u00fcr ve sanatla ilgili sorabilece\u011fi \u00e7e\u015fitli sorular\u0131 yan\u0131tlar. Aday\u0131n yap\u0131lacak m\u00fclakatta konservatuvar e\u011fitimi ve mesle\u011finin gerektirdi\u011fi \u00f6zellikler a\u00e7\u0131s\u0131ndan olumlu izlenim b\u0131rakmas\u0131 beklenir. \u00a0Aday daha \u00f6nceden akademik anlamda e\u011fitim ald\u0131\u011f\u0131 bir \u00e7alg\u0131 varsa <meta charset=\"utf-8\"><\/meta>\u00e7alabilir, yoksa daha \u00f6nceden haz\u0131rlad\u0131klar\u0131 bir \u015fark\u0131y\u0131 seslendirebilir. (2. A\u015famada, 1. A\u015famada sorulan sorular\u0131n benzerleri sorulmaktad\u0131r. Her iki a\u015famay\u0131 da ge\u00e7en \u00f6\u011frenciler, okula kay\u0131t yapmaya hak kazan\u0131r.)<br><br><strong>Not:<\/strong> Bah\u00e7e\u015fehir \u00dcniversitesi ve Maltepe \u00dcniversitesinde Tam Zamanl\u0131 E\u011fitim bulunmamaktad\u0131r.<\/p>\n\n\n\n<p class=\"has-primary-background-color has-text-color has-background\" style=\"color:#ffffff;font-size:20px\"><strong><span style=\"color:#ff0004\" class=\"has-inline-color\">Koro S\u0131nav\u0131<\/span><\/strong><br>\u00dclkemizde Konservatuvar Korolar\u0131 ve \u00d6zel Korolar bulunmaktad\u0131r.<br>Aday hangi koroya kat\u0131lmak istiyorsa o koronun a\u00e7t\u0131\u011f\u0131 s\u0131navlar\u0131n i\u00e7eriklerine g\u00f6re haz\u0131rlanmal\u0131d\u0131r. Konservatuvar s\u0131navlar\u0131nda oldu\u011fu gibi koro se\u00e7melerinde de tek ses, iki ses, ritim, melodi, \u015fark\u0131 s\u00f6yleme, metin okuma vb. a\u015famalar bulunmaktad\u0131r.<br>Her koronun belirledi\u011fi ya\u015f aral\u0131klar\u0131 farkl\u0131l\u0131k g\u00f6sterebilir.<\/p>\n\n\n\n<p class=\"has-primary-background-color has-text-color has-background\" style=\"color:#ffffff;font-size:20px\"><strong><span style=\"color:#ff0004\" class=\"has-inline-color\">M\u00fczik Fak\u00fcltesi S\u0131nav\u0131<\/span><\/strong><br><strong>1. A\u015fama &#8211; M\u00fcziksel \u0130\u015fitme S\u0131nav\u0131:<\/strong><br>Adaylar, s\u00f6zl\u00fc ve uygulamal\u0131 olarak yap\u0131lacak bu basamakta bireysel olarak s\u0131nava al\u0131nacaklard\u0131r. S\u0131navda a\u015fa\u011f\u0131daki alt boyutlar \u00f6l\u00e7\u00fcl\u00fcp de\u011ferlendirilecektir.<br>a) \u0130ki Ses b) \u00dc\u00e7 Ses c) D\u00f6rt Ses d) Ezgi e) Ritim<br><strong>2. A\u015fama &#8211; M\u00fcziksel S\u00f6yleme S\u0131nav\u0131:<\/strong><br>Bu s\u0131navda aday\u0131n, ses \u00f6zellikleri ve belirlenen par\u00e7alar \u00e7er\u00e7evesinde sesini kullanabilme yetene\u011fi \u00f6l\u00e7\u00fclecektir. M\u00fcziksel S\u00f6yleme S\u0131nav\u0131\u2019nda ilk olarak b\u00fct\u00fcn adaylardan, do\u011fru ve temiz bir sesle; anla\u015f\u0131l\u0131r bir T\u00fcrk\u00e7e ve do\u011fru bir telaffuzla \u0130stiklal Mar\u015f\u0131\u2019n\u0131 okumalar\u0131 istenecektir. Adaylar \u0130stiklal Mar\u015f\u0131 d\u0131\u015f\u0131nda, ayr\u0131ca en az biri T\u00fcrk Halk M\u00fczi\u011fi veya T\u00fcrk Sanat M\u00fczi\u011fi eserlerinden olmak \u00fczere, kendilerinin belirleyece\u011fi iki eser daha seslendireceklerdir. T\u00fcrk Halk M\u00fczi\u011fi veya T\u00fcrk Sanat M\u00fczi\u011fi eserlerinin geleneksel tarzda (\u00fcslup, tav\u0131r) icra edilmesi gerekmektedir.<br>Adaylar\u0131n bu s\u0131navda g\u00f6sterece\u011fi ba\u015far\u0131n\u0131n \u00f6l\u00e7\u00fclmesinde; seslerinin \u00f6zellikleri ile<br>seslendirmi\u015f olduklar\u0131 eserlerin do\u011fru, temiz s\u00f6ylenilmesi ve yorumlanmas\u0131 olmak \u00fczere iki kriter dikkate al\u0131nacakt\u0131r.<br><strong>3. A\u015fama &#8211; M\u00fcziksel \u00c7alma S\u0131nav\u0131:<\/strong><br>Bu s\u0131navda aday\u0131n m\u00fcziksel \u00e7alma becerisi \u00f6l\u00e7\u00fcl\u00fcr. Aday en az biri T\u00fcrk Halk M\u00fczi\u011fi veya T\u00fcrk Sanat M\u00fczi\u011fi eseri olmak \u00fczere, \u00e7alg\u0131lar\u0131n\u0131n niteli\u011fine g\u00f6re kendisinin belirleyip haz\u0131rlam\u0131\u015f oldu\u011fu toplam iki eseri seslendirecektir. T\u00fcrk M\u00fczi\u011fi eserlerinin geleneksel tarzda (\u00fcslup, tav\u0131r) icra edilmesi gerekmektedir. \u00c7alg\u0131lar\u0131 T\u00fcrk m\u00fczi\u011fi ses sistemine tam olarak uymayan adaylar, \u00e7alg\u0131lar\u0131yla seslendirebilecekleri uygunlukta T\u00fcrk m\u00fczi\u011fi eserleri se\u00e7melidirler. M\u00fcziksel \u00c7alma S\u0131nav\u0131n\u0131n de\u011ferlendirilmesinde a\u015fa\u011f\u0131daki kriterler g\u00f6z \u00f6n\u00fcnde bulundurulacakt\u0131r:<br><em>Do\u011fru ve Temiz \u00c7alma:<\/em> \u0130cra s\u0131ras\u0131nda \u00e7alg\u0131dan do\u011fru ve temiz ses elde edilmesi, entonasyon ve zamanlama becerileri,<br><em>Teknik D\u00fczey:<\/em> \u0130cradaki teknik becerilerin d\u00fczeyi ve uygulanmas\u0131,<br><em>M\u00fcziksel Yorum:<\/em> \u00c7alg\u0131dan duyarl\u0131, etkili ses elde edilmesi ve eserin m\u00fcziksel \u00e7al\u0131nmas\u0131,<br><em>Eserin D\u00fczeyi:<\/em> Aday\u0131n \u00e7alaca\u011f\u0131 eserin d\u00fczeyi ve g\u00fc\u00e7l\u00fck derecesi de\u011ferlendirilecektir.<br><br><strong>Not:<\/strong> Bu i\u00e7erik \u00f6rnek ama\u00e7l\u0131 Gazi \u00dcniversitesinin web sitesinden al\u0131nm\u0131\u015ft\u0131r. S\u0131nav i\u00e7erikleri her okula g\u00f6re de\u011fi\u015fkenlik g\u00f6sterebilir. Aday hangi okula girmek istiyorsa e\u011fitmeni ile birlikte o okulun \u015fartlar\u0131n\u0131 ara\u015ft\u0131r\u0131p ona g\u00f6re haz\u0131rlanacaklard\u0131r.<\/p>\n\n\n\n<p class=\"has-primary-background-color has-text-color has-background\" style=\"color:#ffffff;font-size:20px\"><strong><span style=\"color:#ff0004\" class=\"has-inline-color\">Tiyatro S\u0131nav\u0131<\/span><\/strong><span class=\"has-inline-color has-accent-color\"><br><\/span><strong>Giri\u015f Ko\u015fullar\u0131:<\/strong><br>a) 21 ya\u015f\u0131n\u0131 ge\u00e7memi\u015f olmak (Y\u0131l olarak),<br>b) Lise mezunu olmak,<br>c) Konservatuvar d\u0131\u015f\u0131 lise mezunu olanlar\u0131n \u00f6n kay\u0131t i\u00e7in \u00dcniversite Senatosunca o y\u0131l i\u00e7in belirlenen TYT puan\u0131n\u0131 alm\u0131\u015f olmak,<br>d) Aday\u0131n kesin kay\u0131t yapt\u0131rmas\u0131 i\u00e7in yap\u0131lacak iki a\u015famal\u0131 s\u0131navlara fiilen kat\u0131lmas\u0131 ve ba\u015far\u0131l\u0131 olmas\u0131 gerekmektedir.<br><br><strong>\u0130\u00e7erik:<\/strong><br><strong>1 A\u015fama:<\/strong> Oyunculuk Yetenek S\u0131nav\u0131: Bu s\u0131navda tiyatro edebiyat\u0131n\u0131n klasik ya da \u00e7a\u011fda\u015f oyunlar\u0131<br>aras\u0131ndan:<br>a) Kendi se\u00e7ti\u011fi komedi tirad\u0131n\u0131 oynar,<br>b) Kendi se\u00e7ti\u011fi dram tirad\u0131n\u0131 oynar,<br>c) S\u0131nav komisyonunun sorular\u0131n\u0131 yan\u0131tlar.<br><strong>2 A\u015fama:<\/strong> Oyunculuk D\u00fczey S\u0131nav\u0131: Bu s\u0131nava girebilmek i\u00e7in Oyunculuk Yetenek S\u0131nav\u0131nda ba\u015far\u0131l\u0131<br>olmak gereklidir. Bu s\u0131navda aday:<br>a) Tiyatro ASD taraf\u0131ndan verilen zorunlu par\u00e7ay\u0131\/par\u00e7alar\u0131 oynar,<br>b) Tan\u0131nm\u0131\u015f bir \u015fairin \u015fiirlerinden birini ezberden okur,<br>c) Kulak s\u0131nav\u0131nda tek ses, ezgi, iki ses, \u00fc\u00e7 sesli akor ve ritm duyu\u015funa ili\u015fkin sorulara yan\u0131t verir,<br>d) S\u0131nav komisyonunca verilen fiziksel koordinasyon egzersizlerini yapar,<br>e) S\u0131nav komisyonunun sorular\u0131n\u0131 yan\u0131tlar.<br><br><strong>Not:<\/strong> Bu i\u00e7erik \u00f6rnek ama\u00e7l\u0131 Mimar Sinan G\u00fczel Sanatlar \u00dcniversitesi Devlet Konservatuvar\u0131 web sitesinden al\u0131nm\u0131\u015ft\u0131r. S\u0131nav i\u00e7erikleri her okula g\u00f6re de\u011fi\u015fkenlik g\u00f6sterebilir. Aday hangi okula girmek istiyorsa e\u011fitmeni ile birlikte o okulun \u015fartlar\u0131n\u0131 ara\u015ft\u0131r\u0131p ona g\u00f6re haz\u0131rlanacaklard\u0131r.<\/p>\n\n\n\n<p class=\"has-primary-background-color has-text-color has-background\" style=\"color:#ffffff;font-size:20px\"><strong><span style=\"background-color:rgba(0, 0, 0, 0);color:#ff0004\" class=\"has-inline-color\">Opera S\u0131nav\u0131<\/span><\/strong><br><strong>Giri\u015f Ko\u015fullar\u0131:<\/strong><br>a) Devlet Konservatuvar\u0131 lise devresi mezunu ya da dengi okul mezunu olmak,<br>b) Konservatuvar d\u0131\u015f\u0131 lise mezunu olanlar\u0131n \u00f6n kay\u0131t i\u00e7in \u00dcniversite Senatosunca o y\u0131l i\u00e7in belirlenen TYT puan\u0131n\u0131 alm\u0131\u015f olmak.<br>c) Aday\u0131n yap\u0131lacak 3 a\u015famal\u0131 s\u0131navda ba\u015far\u0131l\u0131 olmas\u0131 gerekmektedir. (A\u015famalar\u0131n say\u0131s\u0131 ve i\u00e7eri\u011fi okula g\u00f6re de\u011fi\u015fkenlik g\u00f6sterebilir)<br><br><strong>\u0130\u00e7erik:<\/strong><br><strong>1-Ses Yetenek S\u0131nav\u0131:<\/strong> Bu s\u0131navda aday, kendi se\u00e7ti\u011fi, Antik Arya, Lied, Napoliten ve benzeri formlardan \u201c2 Eseri\u201d ezbere seslendirir. S\u0131nav komisyonu gerekli g\u00f6r\u00fcrse \u00f6\u011frenci aday\u0131na \u201cSes Egzersizleri\u201d yapt\u0131r\u0131l\u0131r. (S\u0131nava girecek olan aday s\u0131nav komisyonuna sunaca\u011f\u0131 eserlerin notalar\u0131n\u0131<br>getirmekle y\u00fck\u00fcml\u00fcd\u00fcr.)<br><strong>2-Duyu\u015f S\u0131nav\u0131:<\/strong> Bu s\u0131navda aday tek ses, ezgi, iki ses, \u00fc\u00e7 sesli akor ve ritim duyu\u015funa ili\u015fkin sorular\u0131 yan\u0131tlar.<br><strong>3-Ses Yetenek S\u0131nav\u0131:<\/strong> Bu s\u0131navda aday, kendi se\u00e7ti\u011fi, Antik Arya, Lied, Napoliten ve benzeri formlardan \u201c3 Eseri\u201d ezbere seslendirir. S\u0131nav komisyonu gerekli g\u00f6r\u00fcrse \u00f6\u011frenci aday\u0131na \u201cSes Egzersizleri\u201d yapt\u0131r\u0131l\u0131r. M\u00fczik e\u015fli\u011finde ve m\u00fcziksiz do\u011fa\u00e7lama yapar ve s\u0131nav komisyonunun sorular\u0131n\u0131 yan\u0131tlar. (S\u0131nava girecek olan aday s\u0131nav komisyonuna sunaca\u011f\u0131 eserlerin notalar\u0131n\u0131 getirmekle y\u00fck\u00fcml\u00fcd\u00fcr.)<br><br><strong>Not: <\/strong>Bu i\u00e7erik \u00f6rnek ama\u00e7l\u0131 Mimar Sinan G\u00fczel Sanatlar \u00dcniversitesi Devlet Konservatuvar\u0131 web sitesinden al\u0131nm\u0131\u015ft\u0131r. S\u0131nav i\u00e7erikleri her okula g\u00f6re de\u011fi\u015fkenlik g\u00f6sterebilir. Aday hangi okula girmek istiyorsa e\u011fitmeni ile birlikte o okulun \u015fartlar\u0131n\u0131 ara\u015ft\u0131r\u0131p ona g\u00f6re haz\u0131rlanacaklard\u0131r.<\/p>\n\n\n\n<p><strong>Son g\u00fcncelleme: <\/strong>Haziran 2025<\/p>\n","protected":false},"excerpt":{"rendered":"<p>\u00c7ocuk Konservatuvar\u0131 S\u0131nav\u0131Bu b\u00f6l\u00fcm k\u00fc\u00e7\u00fck ya\u015ftaki \u00e7ocuklar\u0131n konservatuvara ilk ad\u0131m\u0131 gibi d\u00fc\u015f\u00fcn\u00fclebilir. S\u00fcreleri ve i\u00e7erikleri okullara g\u00f6re de\u011fi\u015fiklik g\u00f6stermektedir. 1- Mimar Sinan G\u00fczel Sanatlar \u00dcniversitesi Devlet Konservatuvar\u0131:Bu b\u00f6l\u00fcmden sadece 2. s\u0131n\u0131fa ge\u00e7enler faydalanabilmektedirler ve sadece &#8220;Koro&#8221; b\u00f6l\u00fcm\u00fcn\u00fc kapsamaktad\u0131r. 2- Maltepe \u00dcniversitesi Konservatuvar\u0131:Bu b\u00f6l\u00fcmden sadece 1. ve 2. s\u0131n\u0131fa ge\u00e7enler faydalanabilmektedirler. 3- \u0130stanbul Teknik \u00dcniversitesi Devlet [&hellip;]<\/p>\n","protected":false},"author":1,"featured_media":0,"parent":0,"menu_order":0,"comment_status":"closed","ping_status":"closed","template":"","meta":{"footnotes":""},"_links":{"self":[{"href":"https:\/\/konservatuvarahazirlik.com\/index.php?rest_route=\/wp\/v2\/pages\/63"}],"collection":[{"href":"https:\/\/konservatuvarahazirlik.com\/index.php?rest_route=\/wp\/v2\/pages"}],"about":[{"href":"https:\/\/konservatuvarahazirlik.com\/index.php?rest_route=\/wp\/v2\/types\/page"}],"author":[{"embeddable":true,"href":"https:\/\/konservatuvarahazirlik.com\/index.php?rest_route=\/wp\/v2\/users\/1"}],"replies":[{"embeddable":true,"href":"https:\/\/konservatuvarahazirlik.com\/index.php?rest_route=%2Fwp%2Fv2%2Fcomments&post=63"}],"version-history":[{"count":46,"href":"https:\/\/konservatuvarahazirlik.com\/index.php?rest_route=\/wp\/v2\/pages\/63\/revisions"}],"predecessor-version":[{"id":425,"href":"https:\/\/konservatuvarahazirlik.com\/index.php?rest_route=\/wp\/v2\/pages\/63\/revisions\/425"}],"wp:attachment":[{"href":"https:\/\/konservatuvarahazirlik.com\/index.php?rest_route=%2Fwp%2Fv2%2Fmedia&parent=63"}],"curies":[{"name":"wp","href":"https:\/\/api.w.org\/{rel}","templated":true}]}}