{"id":134,"date":"2020-09-13T12:53:52","date_gmt":"2020-09-13T09:53:52","guid":{"rendered":"http:\/\/konservatuvarahazirlik.com\/?page_id=134"},"modified":"2025-06-04T20:49:53","modified_gmt":"2025-06-04T17:49:53","slug":"biz-kimiz-2","status":"publish","type":"page","link":"https:\/\/konservatuvarahazirlik.com\/","title":{"rendered":"Biz Kimiz?"},"content":{"rendered":"<div class=\"wp-block-image is-style-rounded\">\n<figure class=\"aligncenter size-full is-resized\"><img loading=\"lazy\" decoding=\"async\" width=\"646\" height=\"739\" src=\"http:\/\/konservatuvarahazirlik.com\/wp-content\/uploads\/2024\/08\/mercanson.jpg\" alt=\"\" class=\"wp-image-381\" style=\"width:177px;height:auto\" srcset=\"https:\/\/konservatuvarahazirlik.com\/wp-content\/uploads\/2024\/08\/mercanson.jpg 646w, https:\/\/konservatuvarahazirlik.com\/wp-content\/uploads\/2024\/08\/mercanson-262x300.jpg 262w\" sizes=\"(max-width: 646px) 100vw, 646px\" \/><\/figure><\/div>\n\n\n<p class=\"has-text-align-center has-primary-background-color has-background\" style=\"font-size:20px\"><strong><span style=\"background-color:rgba(0, 0, 0, 0);color:#ff0004\" class=\"has-inline-color\">Mercan G\u00f6k\u00e7en U\u00e7kun<\/span><\/strong><span style=\"background-color:rgba(0, 0, 0, 0);color:#ffffff\" class=\"has-inline-color\"><br><strong>Koro \u015eefi\/E\u011fitmen<\/strong><br>(\u0130stanbul &#8211; Avrupa Yakas\u0131)<br><\/span><strong><span style=\"background-color:rgba(0, 0, 0, 0);color:#ff0004\" class=\"has-inline-color\">Uzmanl\u0131k:<\/span><\/strong><span style=\"background-color:rgba(0, 0, 0, 0);color:#ffffff\" class=\"has-inline-color\"> \u00c7ocuk Konservatuvar\u0131 \/ Yar\u0131 Zamanl\u0131 Konservatuvar<br>Tam Zamanl\u0131 Konservatuvar \/ Koro \/ M\u00fczik Fak\u00fcltesi<br><br>\u00c7ok k\u00fc\u00e7\u00fck ya\u015ftan itibaren m\u00fczikle ilgilenmeye ve enstr\u00fcman \u00e7almaya ba\u015flad\u0131. G\u00fczel Sanatlar Lisesinden mezun olduktan sonra e\u011fitim hayat\u0131na Karadeniz Teknik \u00dcniversitesi M\u00fczik \u00f6\u011fretmenli\u011fi b\u00f6l\u00fcm\u00fcnde devam etti. \u00d6\u011frencilik y\u0131llar\u0131nda yurtd\u0131\u015f\u0131nda ve T\u00fcrkiye\u2019de bir \u00e7ok ba\u015far\u0131lara imza att\u0131. 2011 y\u0131l\u0131n\u0131n en gen\u00e7 yetene\u011fi \u00f6d\u00fcl\u00fcne lay\u0131k g\u00f6r\u00fcld\u00fc. Aslen Piyano ve Keman b\u00f6l\u00fcm\u00fc mezunu olan Mercan G\u00f6k\u00e7en U\u00c7KUN \u00f6\u011frencilik y\u0131llar\u0131nda bu dallara daha a\u011f\u0131rl\u0131k verse de \u00dcniversiteyi bitirdikten hemen sonra polifonik ( \u00e7oksesli) koro \u00fczerinde bir \u00e7ok projelerde bulundu. \u00c7okseslili\u011fin T\u00fcrkiye\u2019de de Avrupa\u2019da oldu\u011fu gibi \u00e7ok daha yayg\u0131n olmas\u0131n\u0131 isteyerek hi\u00e7 ge\u00e7 kalmadan kollar\u0131 s\u0131vad\u0131 ve ara\u015ft\u0131rmalar yap\u0131p Yurtd\u0131\u015f\u0131yla T\u00fcrkiye aras\u0131nda bir ba\u011f olu\u015fturdu. Yurt d\u0131\u015f\u0131nda pek \u00e7ok festival, yar\u0131\u015fma ve ustal\u0131k s\u0131n\u0131f\u0131na kat\u0131ld\u0131. Bu s\u0131rada orkestra ve koro \u015fefli\u011fi e\u011fitimleri ald\u0131.<br><br>\u0130zmir\u2019de \u00e7al\u0131\u015ft\u0131\u011f\u0131 kurumda \u00e7oksesli bir koro kurdu ve bu koroyla bir \u00e7ok etkinlik ger\u00e7ekle\u015fti. Yapt\u0131\u011f\u0131 etkinliklerle T\u00fcrkiye genelinde ses getirerek K\u0131sa s\u00fcrede bunu yurt d\u0131\u015f\u0131na ta\u015f\u0131may\u0131 ba\u015fard\u0131. Ard\u0131ndan \u0130stanbul\u2019a yerle\u015fti. Burada da vakit kaybetmeden s\u0131f\u0131rdan bir koro kurdu her ge\u00e7en g\u00fcn ba\u015far\u0131s\u0131na ba\u015far\u0131 katt\u0131. \u00c7al\u0131\u015ft\u0131\u011f\u0131 kurumundaki Piyanisti Yi\u011fit \u015eahin G\u00dcLMEZ ile birlikte besteledi\u011fi Mar\u015f, 2015 y\u0131l\u0131n\u0131n en iyi okul mar\u015f\u0131 \u00f6d\u00fcl\u00fcne lay\u0131k g\u00f6r\u00fcld\u00fc.<br><br>Son olarak Amsterdam, Almanya, Bel\u00e7ika, Fransa, \u0130talya ve \u0130spanya gibi \u00fclkelerde Avrupa Turneleri ger\u00e7ekle\u015ftirerek \u00dclkesine bir kez daha gurur getirmeyi ba\u015fard\u0131.<br><br>Halen, kurucusu oldu\u011fu Atat\u00fcrk Gen\u00e7leri \u00c7ok sesli korosunun Sanat y\u00f6netmenli\u011fini ve koro \u015fefli\u011fini s\u00fcrd\u00fcrmektedir.<br><br><\/span><strong><span style=\"background-color:rgba(0, 0, 0, 0);color:#ff0004\" class=\"has-inline-color\">K\u00fclt\u00fcrel ve Sanatsal Etkinlikler:<\/span><\/strong><span style=\"background-color:rgba(0, 0, 0, 0);color:#ffffff\" class=\"has-inline-color\"><br>2004-2013 Y\u0131llar\u0131 aras\u0131 sahne seslendirme paket programlar\u0131 yapt\u0131.<br>2004-2013 y\u0131llar\u0131 aras\u0131nda Devlet Tiyatrolar\u0131 ve sahne \u00e7al\u0131\u015fmalar\u0131nda g\u00f6rev ald\u0131.<br>Yine ayn\u0131 y\u0131llar i\u00e7erisinde Filarmoni Orkestras\u0131nda 1. Keman olarak konserler verdi. Devlet Tiyatrosu ve \u015eehir Tiyatrolar\u0131nda m\u00fczikal \u00e7al\u0131\u015fmalar yapt\u0131. Bir \u00e7ok \u00fclkede piyano resitalleri verdi. \u00dcniversite y\u0131llar\u0131nda m\u00fczikal sahne \u00e7al\u0131\u015fmalar\u0131 oldu. <\/span><span style=\"background-color:rgba(0, 0, 0, 0);color:#ffffff\" class=\"has-inline-color\">\u0130zmir&#8217;de \u00f6zel bir kurumda yapt\u0131\u011f\u0131 Man\u00e7o Gecesine Lale Man\u00e7o\u2019nun kat\u0131l\u0131m\u0131yla yap\u0131lan program \u00e7ok be\u011fenildi\u011finden Geleneksel Man\u00e7o Gecesi platformuna ta\u015f\u0131nd\u0131. Bu program i\u00e7in plaket \u00f6d\u00fcl\u00fc ald\u0131.&nbsp;<br><br><\/span><strong><span style=\"background-color:rgba(0, 0, 0, 0);color:#ff0004\" class=\"has-inline-color\">Kariyer \u00c7al\u0131\u015fmalar\u0131:<\/span><\/strong><span style=\"background-color:rgba(0, 0, 0, 0);color:#ffffff\" class=\"has-inline-color\"><br>S\u00f6z ve beste \u00e7al\u0131\u015fmalar\u0131<br>Enstruman ve konservatuvar&nbsp;haz\u0131rl\u0131k kurslar\u0131<br>\u0130\u015fitme ve armoni \u00e7al\u0131\u015fmalar\u0131<br>Polifonik koro \u00e7al\u0131\u015fmalar\u0131<br><br><\/span><strong><span style=\"background-color:rgba(0, 0, 0, 0);color:#ff0004\" class=\"has-inline-color\">Yurtd\u0131\u015f\u0131 \u00c7al\u0131\u015fmalar\u0131:<\/span><\/strong><span style=\"background-color:rgba(0, 0, 0, 0);color:#ffffff\" class=\"has-inline-color\"><br>\u0130talya-Roma-Viyana-\u0130spanya Floransa-Bel\u00e7ika- Avusturya-Almanya-Hollanda-Barcelona-Madrid gibi Avrupa \u00fclkelerinde piyano resitalleri verdi. Ayr\u0131 zamanda hem Avrupa\u2019da hem de Amerika, \u0130ngiltere gibi \u00fclkelerde de polifonik koro turneleri yapt\u0131. Yurtd\u0131\u015f\u0131 konserlerinden \u00fclkesine y\u00fczlerce \u00f6d\u00fcl kazand\u0131rd\u0131.&nbsp;Bunun d\u0131\u015f\u0131nda 23 Aral\u0131k 2011 y\u0131l\u0131nda Faz\u0131l Say\u2019\u0131n Op:37 nolu eserini Trabzon Akm Salonunda G\u00fclru Ensari ve A. Seren Akyolda\u015f ile birlikte ilk olarak seslendirerek konser verdi. Bir \u00e7ok dergide ve televizyon programlar\u0131nda \u00e7al\u0131\u015fmalar\u0131 ile ilgili r\u00f6portajlar verdi.&nbsp;<\/span><br><\/p>\n\n\n<div class=\"wp-block-image is-resized is-style-rounded\">\n<figure class=\"aligncenter size-large\"><img loading=\"lazy\" decoding=\"async\" width=\"413\" height=\"640\" src=\"http:\/\/konservatuvarahazirlik.com\/wp-content\/uploads\/2020\/09\/gunes.jpg\" alt=\"\" class=\"wp-image-130\" style=\"width:162px;height:auto\" srcset=\"https:\/\/konservatuvarahazirlik.com\/wp-content\/uploads\/2020\/09\/gunes.jpg 413w, https:\/\/konservatuvarahazirlik.com\/wp-content\/uploads\/2020\/09\/gunes-194x300.jpg 194w\" sizes=\"(max-width: 413px) 100vw, 413px\" \/><\/figure><\/div>\n\n\n<p class=\"has-text-align-center has-primary-background-color has-text-color has-background\" style=\"color:#ffffff;font-size:20px\"><strong><span style=\"background-color:rgba(0, 0, 0, 0);color:#ff0004\" class=\"has-inline-color\">G\u00fcne\u015f Kaya<\/span><\/strong><br><strong>Koro \u015eefi\/E\u011fitmen<\/strong><br>(\u0130stanbul &#8211; Anadolu Yakas\u0131)<br><strong><span style=\"background-color:rgba(0, 0, 0, 0);color:#ff0004\" class=\"has-inline-color\">Uzmanl\u0131k:<\/span><\/strong><span style=\"background-color:rgba(0, 0, 0, 0)\" class=\"has-inline-color has-accent-color\"> <\/span><span style=\"background-color:rgba(0, 0, 0, 0);color:#ffffff\" class=\"has-inline-color\">\u00c7ocuk Konservatuvar\u0131 \/ Yar\u0131 Zamanl\u0131 Konservatuvar<br>Tam Zamanl\u0131 Konservatuvar \/ Koro \/ M\u00fczik Fak\u00fcltesi<br><\/span><br>1992 y\u0131l\u0131nda Koro \u015eefi\u00a0G\u00f6k\u00e7en KORAY\u00a0ve\u00a0Seval IRMAK\u00a0y\u00f6netimindeki\u00a0\u0130stanbul Devlet Senfoni \u00c7ocuk Korosu\u00a0ile m\u00fczik hayat\u0131 ba\u015flad\u0131. Daha sonra\u00a0TRT \u0130stanbul Gen\u00e7lik Korosunda uzun y\u0131llar g\u00f6rev ald\u0131. 2009 y\u0131l\u0131nda\u00a0Mimar Sinan G\u00fczel Sanatlar \u00dcniversitesi Devlet Konservatuvar\u0131\u00a0Opera b\u00f6l\u00fcm\u00fc\u00a0Mesut \u0130KTU\u00a0\u015fan s\u0131n\u0131f\u0131ndan mezun oldu.<br><br>2010 y\u0131l\u0131nda\u00a0Y\u0131ld\u0131z Teknik \u00dcniversitesi\u2018nde \u201cPedagojik Formasyon\u201d E\u011fitimini tamamlad\u0131. Uzun y\u0131llar \u00e7ocuklarla sahne ald\u0131. \u00c7ok \u00f6nemli orkestra \u015fefleri ve koro \u015fefleri ile \u00e7al\u0131\u015ft\u0131, say\u0131s\u0131z konserde yer ald\u0131. TRT \u0130stanbul Gen\u00e7lik Korosu\u00a0ile yurt d\u0131\u015f\u0131nda \u00f6d\u00fcller kazand\u0131. 2015 y\u0131l\u0131nda \u201cPiyano E\u015flikli Belirli G\u00fcn ve Haftalar Temal\u0131 Koro ve Solo \u015eark\u0131lar\u201d adl\u0131 kitab\u0131 \u00e7\u0131kard\u0131. Sel\u00e7uk K\u0131z Meslek Lisesi\u2018nde \u00f6\u011fretmenlik yapt\u0131\u011f\u0131 s\u0131rada\u00a0Fatih \u0130l\u00e7esi b\u00fcnyesinde d\u00fczenlenen Halk M\u00fczi\u011fi Yar\u0131\u015fmas\u0131nda hem koro, hem solo olarak\u00a0birinci\u00a0oldu. 2015 y\u0131l\u0131nda\u00a0Compel\u00a0Firmas\u0131n\u0131n d\u00fczenledi\u011fi\u00a0Jingle Yar\u0131\u015fmas\u0131\u2018nda\u00a0birinci\u00a0oldu. 2017 y\u0131l\u0131nda Bolu\u2019da d\u00fczenlenen\u00a0\u201cBolu Konulu \u00c7ocuk \u015eark\u0131s\u0131 Beste Yar\u0131\u015fmas\u0131\u201dnda,\u00a0\u201cSen de Gel Bolu\u2019ya\u201d\u00a0adl\u0131 bestesi ile\u00a0mansiyon\u00a0\u00f6d\u00fcl\u00fc kazand\u0131. 2017 May\u0131s ay\u0131nda\u00a0Be\u015fikta\u015f \u00c7ocuk Korosu\u00a0ile kat\u0131ld\u0131\u011f\u0131\u00a05. SANSEV \u0130stanbul Uluslararas\u0131 \u00c7oksesli Koro Festivalinde\u00a0\u201c\u00c7oksesli \u00c7ocuk \u015eark\u0131s\u0131 Yorumlamada Ba\u015far\u0131\u201d\u00a0\u00f6d\u00fcl\u00fcn\u00fc ald\u0131. 2018 May\u0131s ay\u0131nda\u00a0Be\u015fikta\u015f \u00c7ocuk Korosu\u00a0ile kat\u0131ld\u0131\u011f\u0131\u00a06. SANSEV \u0130stanbul Uluslararas\u0131 \u00c7oksesli Koro Festivalinde\u00a0\u201cSA\u0130P EG\u00dcZ \u015eark\u0131s\u0131 Yorumlamada Ba\u015far\u0131\u201d\u00a0\u00f6zel \u00f6d\u00fcl\u00fcn\u00fc ald\u0131. 2018 May\u0131s ay\u0131nda\u00a0Ata\u015fehir Y\u00f6nder Okullar\u0131 \u00c7oksesli \u00c7ocuk Korosu\u00a0ile kat\u0131ld\u0131\u011f\u0131\u00a06. SANSEV \u0130stanbul Uluslararas\u0131 \u00c7oksesli Korolar Festivalinde\u00a0\u201cSololu Yap\u0131t Yorumlamada Ba\u015far\u0131\u201d\u00a0\u00f6d\u00fcl\u00fcn\u00fc ald\u0131. 2019 May\u0131s ay\u0131nda\u00a0Be\u015fikta\u015f \u00c7ocuk Korosu\u00a0ile kat\u0131ld\u0131\u011f\u0131\u00a07. SANSEV \u0130stanbul Uluslararas\u0131 \u00c7oksesli Korolar Festivalinde\u00a0\u201cHomojenite\u201d\u00a0ve\u00a0\u201cNevit Kodall\u0131 \u00d6zel \u00d6d\u00fcl\u00fc\u201dn\u00fc\u00a0ald\u0131. 2022 \u2013 May\u0131s ay\u0131nda\u00a0Be\u015fikta\u015f \u00c7ocuk Korosu\u00a0ile kat\u0131ld\u0131\u011f\u0131\u00a0\u0130zmir \u00c7ok Sesli Korolar Festivalinde\u00a0\u201cM\u00fczikalite \u2013 M\u00fczikal Dinamikler\u201d\u00a0\u00f6d\u00fcl\u00fcn\u00fc ald\u0131.<br><br>2019 Eyl\u00fcl ay\u0131ndan itibaren,\u00a0Denizbank \u00c7ocuk Operas\u0131\u00a0b\u00fcnyesinde sahnelenen \u201cPapagenolar\u201d\u00a0adl\u0131 \u00e7ocuk operas\u0131nda \u00e7ocuk korosunu \u00e7al\u0131\u015ft\u0131rd\u0131. 2020 \u2013 Ocak ay\u0131ndan itibaren,\u00a0Denizbank \u00c7ocuk Operas\u0131\u00a0b\u00fcnyesinde sahnelenen \u201cWolfie Harikalar Operas\u0131nda\u201d\u00a0adl\u0131 \u00e7ocuk operas\u0131nda \u00e7ocuk solistleri ve \u00e7ocuk korosunu \u00e7al\u0131\u015ft\u0131rd\u0131.<br><br>2022 Mart ay\u0131nda 9 tematik eserden olu\u015fan &#8220;Yolculuk&#8221; adl\u0131 piyano alb\u00fcm\u00fc t\u00fcm dijital m\u00fczik platformlar\u0131nda yay\u0131nlad\u0131.<br><br>2022 Nisan ay\u0131nda TBMM&#8217;nin d\u00fczenledi\u011fi &#8220;102. Y\u0131l\u0131nda 23 Nisan \u00c7ocuk \u015eark\u0131s\u0131 S\u00f6z ve Beste Yar\u0131\u015fmas\u0131&#8221;nda &#8220;Benim Bayram\u0131m 23 Nisan&#8221; adl\u0131 eserle &#8220;mansiyon&#8221; \u00f6d\u00fcl\u00fc kazand\u0131.<br><br>2025 \u2013 May\u0131s ay\u0131nda, Olten Sanat Vakf\u0131\u2018n\u0131n d\u00fczenledi\u011fi \u201c1. \u00c7ocuk \u015eark\u0131lar\u0131 Beste Yar\u0131\u015fmas\u0131\u201dnda \u201c\u00c7ocuk D\u00fcnyamda\u201d adl\u0131 eserle &#8220;mansiyon&#8221; \u00f6d\u00fcl\u00fc kazand\u0131.<br><br>Y\u0131llard\u0131r konservatuvarlara \u00f6\u011frenci kazand\u0131rmakta ve kurdu\u011fu Be\u015fikta\u015f \u00c7ocuk Korosu, Be\u015fikta\u015f Gen\u00e7lik Korosu ve \u0130stanbul \u0130nteraktif \u00c7ocuk Korosu&#8217;nu y\u00f6netmektedir.<\/p>\n\n\n<div class=\"wp-block-image is-resized is-style-rounded\">\n<figure class=\"aligncenter size-large\"><img loading=\"lazy\" decoding=\"async\" width=\"612\" height=\"792\" src=\"http:\/\/konservatuvarahazirlik.com\/wp-content\/uploads\/2020\/09\/sebnem.jpg\" alt=\"\" class=\"wp-image-131\" style=\"width:146px;height:auto\" srcset=\"https:\/\/konservatuvarahazirlik.com\/wp-content\/uploads\/2020\/09\/sebnem.jpg 612w, https:\/\/konservatuvarahazirlik.com\/wp-content\/uploads\/2020\/09\/sebnem-232x300.jpg 232w\" sizes=\"(max-width: 612px) 100vw, 612px\" \/><\/figure><\/div>\n\n\n<p class=\"has-text-align-center has-primary-background-color has-text-color has-background\" style=\"color:#ffffff;font-size:20px\"><strong><span style=\"color:#ff0004\" class=\"has-inline-color\">\u015eebnem Dokurel<\/span><\/strong><br><strong>Dev. Tiyatrosu Sanat\u00e7\u0131s\u0131\/E\u011fitmen<\/strong><br>(\u0130stanbul &#8211; Avrupa \/ Anadolu Yakas\u0131)<br><strong><span style=\"color:#ff0004\" class=\"has-inline-color\">Uzmanl\u0131k:<\/span><\/strong> Oyunculuk E\u011fitimi<br><br>Trabzonda do\u011fdu. Trabzon Anadolu Lisesinden mezun olduktan sonra bir y\u0131l Hacettepe \u0130ngiliz Dili ve Edebiyat\u0131 B\u00f6l\u00fcm\u00fcnde okudu. Ankara \u00fcniversitesi Dil ve Tarih co\u011frafya Fak\u00fcltesi Tiyatro B\u00f6l\u00fcm\u00fc Oyunculuk Anasanat Dal\u0131ndan mezun oldu. \u00d6\u011frencilik y\u0131llar\u0131nda TRT Ankara Radyosu T\u00fcrk Sanat M\u00fczi\u011fi Gen\u00e7lik Korosunda yer ald\u0131. 1999 y\u0131l\u0131nda Devlet Tiyatrosunun a\u00e7t\u0131\u011f\u0131 s\u0131nav\u0131 kazanarak Trabzon Devlet Tiyatrosunda g\u00f6reve ba\u015flad\u0131. Trabzonda g\u00f6rev yapt\u0131\u011f\u0131 d\u00f6nemde 20 den fazla oyunda oynad\u0131 ve \u00e7e\u015fitli okullarda oyunlar y\u00f6netti ve konservatuara \u00f6\u011frenci haz\u0131rlad\u0131.2011 y\u0131l\u0131nda \u0130stanbul Devlet Tiyatrosuna tayin oldu. Sadri Al\u0131\u015f\u0131k K\u00fclt\u00fcr Merkezinde Diksiyon e\u011fitmenli\u011fi, Pafta Tiyatro&#8217;da diksiyon e\u011fitmenli\u011fi yapt\u0131 ve kendi yazd\u0131\u011f\u0131 &#8220;G\u00fcne\u015f ve R\u00fczgar&#8221; adl\u0131 \u00e7ocuk oyununu y\u00f6netti. Reklam seslendirmeleri yapmaktad\u0131r . \u0130stanbul Devlet Tiyatrosunda rol ald\u0131\u011f\u0131 oyunlar: Kurban, Muhte\u015fem Gatsby, Yunus Emre, Son Bahara Son G\u00fcller. Rol ald\u0131\u011f\u0131 diziler F\u0131rt\u0131na, Nazl\u0131 Yarim, Elif, Parmakl\u0131klar Ard\u0131nda Ard\u0131nda, Med Cezir, Kara Kutu, Umuda Kelep\u00e7e Vurulmaz, Hekimo\u011flu, Yanetki (film)<\/p>\n\n\n<div class=\"wp-block-image is-resized is-style-rounded\">\n<figure class=\"aligncenter size-large\"><img loading=\"lazy\" decoding=\"async\" width=\"819\" height=\"1024\" src=\"http:\/\/konservatuvarahazirlik.com\/wp-content\/uploads\/2020\/09\/gamze.jpg\" alt=\"\" class=\"wp-image-176\" style=\"width:152px;height:auto\" srcset=\"https:\/\/konservatuvarahazirlik.com\/wp-content\/uploads\/2020\/09\/gamze.jpg 819w, https:\/\/konservatuvarahazirlik.com\/wp-content\/uploads\/2020\/09\/gamze-240x300.jpg 240w, https:\/\/konservatuvarahazirlik.com\/wp-content\/uploads\/2020\/09\/gamze-768x960.jpg 768w\" sizes=\"(max-width: 819px) 100vw, 819px\" \/><\/figure><\/div>\n\n\n<p class=\"has-text-align-center has-primary-background-color has-text-color has-background\" style=\"color:#ffffff;font-size:20px\"><strong><span style=\"color:#ff0004\" class=\"has-inline-color\">Gamze Ayayd\u0131n<\/span><\/strong><br><strong><span style=\"color:#ffffff\" class=\"has-inline-color\">Opera Sanat\u00e7\u0131s\u0131\/E\u011fitmen<\/span><\/strong><br>(\u0130stanbul &#8211; Anadolu Yakas\u0131)<br><strong><span style=\"color:#ff0004\" class=\"has-inline-color\">Uzmanl\u0131k:<\/span><\/strong> Opera &#8211; \u015ean<br><br>M\u00fczik e\u011fitimine Eski\u015fehir Anadolu G\u00fczel Sanatlar Lisesi\u2019nde ba\u015flayan Gamze Ayayd\u0131n, e\u011fitimine Mimar Sinan G\u00fczel Sanatlar \u00dcniversitesi Devlet Konservatuvar\u0131 Sahne Sanatlar\u0131 Opera Anasanat Dal\u0131\u2019nda devam etmi\u015f, 2018 y\u0131l\u0131nda Evren Ek\u015fi e\u011fitmenli\u011finde mezun olmu\u015ftur. Bu s\u00fcre i\u00e7inde \u00e7e\u015fitli konserlerde solist olarak yer alm\u0131\u015ft\u0131r. \u015eu an Deniz Bank \u00c7ocuk Operas\u0131\u2019nda solist sanat\u00e7\u0131 olarak sahne almakta, \u015fan e\u011fitmenli\u011fi yapmakta ve konservatuvarlara \u00f6\u011frenci haz\u0131rlamaktad\u0131r.<\/p>\n\n\n\n<p class=\"has-text-align-center\" style=\"font-size:15px\"><\/p>\n\n\n<div class=\"wp-block-image is-resized is-style-rounded\">\n<figure class=\"aligncenter size-large\"><img loading=\"lazy\" decoding=\"async\" width=\"1024\" height=\"1024\" src=\"http:\/\/konservatuvarahazirlik.com\/wp-content\/uploads\/2020\/09\/aycin-1024x1024.jpg\" alt=\"\" class=\"wp-image-175\" style=\"width:176px;height:auto\" srcset=\"https:\/\/konservatuvarahazirlik.com\/wp-content\/uploads\/2020\/09\/aycin-1024x1024.jpg 1024w, https:\/\/konservatuvarahazirlik.com\/wp-content\/uploads\/2020\/09\/aycin-300x300.jpg 300w, https:\/\/konservatuvarahazirlik.com\/wp-content\/uploads\/2020\/09\/aycin-150x150.jpg 150w, https:\/\/konservatuvarahazirlik.com\/wp-content\/uploads\/2020\/09\/aycin-768x768.jpg 768w, https:\/\/konservatuvarahazirlik.com\/wp-content\/uploads\/2020\/09\/aycin-1536x1536.jpg 1536w, https:\/\/konservatuvarahazirlik.com\/wp-content\/uploads\/2020\/09\/aycin-1200x1200.jpg 1200w, https:\/\/konservatuvarahazirlik.com\/wp-content\/uploads\/2020\/09\/aycin.jpg 1600w\" sizes=\"(max-width: 1024px) 100vw, 1024px\" \/><\/figure><\/div>\n\n\n<p class=\"has-text-align-center has-primary-background-color has-text-color has-background\" style=\"color:#ffffff;font-size:20px\"><strong><span style=\"color:#ff0004\" class=\"has-inline-color\">Ay\u00e7in S\u00fcr\u00fcc\u00fcer<\/span><\/strong><br><strong><span style=\"color:#ffffff\" class=\"has-inline-color\">\u0130stanbul Devlet Opera ve Bale Sanat\u00e7\u0131s\u0131\/E\u011fitmen<\/span><\/strong><br>(\u0130stanbul &#8211; Avrupa Yakas\u0131)<br><strong><span style=\"color:#ff0004\" class=\"has-inline-color\">Uzmanl\u0131k:<\/span> <\/strong>Opera &#8211; \u015ean<br><br>M\u00fczik e\u011fitimine Mimar Sinan \u00dcniversitesi Devlet Konservatuvar\u0131\u2019nda ba\u015flam\u0131\u015f ve 2020 y\u0131l\u0131nda Caner Ak\u0131n e\u011fitmenli\u011finde e\u011fitimini tamamlam\u0131\u015ft\u0131r. Bu s\u00fcrede \u00e7e\u015fitli konserlerde yer alm\u0131\u015ft\u0131r. Hem \u0130stanbul Devlet Opera ve Balesinde, hem de Deniz Bank \u00c7ocuk Operas\u0131\u2019nda solist sanat\u00e7\u0131 olarak \u00e7al\u0131\u015fmaktad\u0131r. Ayn\u0131 zamanda \u015fan e\u011fitmenli\u011fi yapmakta ve konservatuvarlara \u00f6\u011frenci haz\u0131rlamaktad\u0131r.<\/p>\n\n\n\n<p class=\"has-text-align-center\" style=\"font-size:15px\"><\/p>\n","protected":false},"excerpt":{"rendered":"<p>Mercan G\u00f6k\u00e7en U\u00e7kunKoro \u015eefi\/E\u011fitmen(\u0130stanbul &#8211; Avrupa Yakas\u0131)Uzmanl\u0131k: \u00c7ocuk Konservatuvar\u0131 \/ Yar\u0131 Zamanl\u0131 KonservatuvarTam Zamanl\u0131 Konservatuvar \/ Koro \/ M\u00fczik Fak\u00fcltesi \u00c7ok k\u00fc\u00e7\u00fck ya\u015ftan itibaren m\u00fczikle ilgilenmeye ve enstr\u00fcman \u00e7almaya ba\u015flad\u0131. G\u00fczel Sanatlar Lisesinden mezun olduktan sonra e\u011fitim hayat\u0131na Karadeniz Teknik \u00dcniversitesi M\u00fczik \u00f6\u011fretmenli\u011fi b\u00f6l\u00fcm\u00fcnde devam etti. \u00d6\u011frencilik y\u0131llar\u0131nda yurtd\u0131\u015f\u0131nda ve T\u00fcrkiye\u2019de bir \u00e7ok ba\u015far\u0131lara imza [&hellip;]<\/p>\n","protected":false},"author":1,"featured_media":0,"parent":0,"menu_order":0,"comment_status":"closed","ping_status":"closed","template":"","meta":{"footnotes":""},"_links":{"self":[{"href":"https:\/\/konservatuvarahazirlik.com\/index.php?rest_route=\/wp\/v2\/pages\/134"}],"collection":[{"href":"https:\/\/konservatuvarahazirlik.com\/index.php?rest_route=\/wp\/v2\/pages"}],"about":[{"href":"https:\/\/konservatuvarahazirlik.com\/index.php?rest_route=\/wp\/v2\/types\/page"}],"author":[{"embeddable":true,"href":"https:\/\/konservatuvarahazirlik.com\/index.php?rest_route=\/wp\/v2\/users\/1"}],"replies":[{"embeddable":true,"href":"https:\/\/konservatuvarahazirlik.com\/index.php?rest_route=%2Fwp%2Fv2%2Fcomments&post=134"}],"version-history":[{"count":51,"href":"https:\/\/konservatuvarahazirlik.com\/index.php?rest_route=\/wp\/v2\/pages\/134\/revisions"}],"predecessor-version":[{"id":387,"href":"https:\/\/konservatuvarahazirlik.com\/index.php?rest_route=\/wp\/v2\/pages\/134\/revisions\/387"}],"wp:attachment":[{"href":"https:\/\/konservatuvarahazirlik.com\/index.php?rest_route=%2Fwp%2Fv2%2Fmedia&parent=134"}],"curies":[{"name":"wp","href":"https:\/\/api.w.org\/{rel}","templated":true}]}}